 composite number?
False
Is 2191331 prime?
True
Is 506370061 a composite number?
False
Is 401475805 a prime number?
False
Is 2203451 a composite number?
True
Is 9746663 prime?
False
Is 29665609 prime?
False
Is 74352097 a prime number?
True
Is 90885199 prime?
False
Is 29550043 a prime number?
False
Is 356591 prime?
True
Is 7842787 a composite number?
False
Is 80014663 a prime number?
True
Is 243875209 composite?
True
Is 46103423 prime?
True
Is 453437 prime?
False
Is 37125949 a composite number?
True
Is 8002367 prime?
False
Is 167505439 prime?
True
Is 32976763 composite?
False
Is 55948621 a prime number?
True
Is 77655857 composite?
False
Is 70252753 prime?
True
Is 800113 prime?
True
Is 338253353 composite?
False
Is 38994541 composite?
False
Is 1764541 prime?
True
Is 1284157 a prime number?
False
Is 2748871 a prime number?
False
Is 10132921 a composite number?
False
Is 58597061 composite?
True
Is 662147 composite?
True
Is 4342291 composite?
True
Is 614609 a composite number?
False
Is 24141694 composite?
True
Is 4283261 prime?
True
Is 10660289 prime?
True
Is 39175127 a prime number?
True
Is 13941143 a composite number?
False
Is 21750563 composite?
False
Is 7709489 composite?
True
Is 66073703 prime?
True
Is 614383985 a prime number?
False
Is 13315319 prime?
True
Is 12479699 composite?
False
Is 63399261 composite?
True
Is 359716691 prime?
True
Is 195562423 composite?
True
Is 70397741 a composite number?
False
Is 24543367 composite?
True
Is 18617141 a composite number?
False
Is 45313999 a prime number?
False
Is 2249899 a prime number?
False
Is 130451203 a prime number?
False
Is 675287 a composite number?
True
Is 4671671 a composite number?
False
Is 32445013 prime?
False
Is 35431861 a prime number?
False
Is 1080539 composite?
False
Is 5629307 composite?
False
Is 16952513 prime?
False
Is 15531389 a prime number?
True
Is 95222987 composite?
True
Is 3322247 a composite number?
True
Is 131812687 a prime number?
True
Is 482821637 a composite number?
True
Is 3749507 composite?
True
Is 19815443 prime?
False
Is 290225927 prime?
True
Is 93934889 a composite number?
False
Is 170007247 a composite number?
True
Is 87672071 composite?
False
Is 318427393 a prime number?
True
Is 852521 a prime number?
True
Is 94973459 prime?
False
Is 4165229 composite?
False
Is 92291618 prime?
False
Is 349135813 a prime number?
False
Is 51607487 composite?
True
Is 7291469 a prime number?
True
Is 1925909 a prime number?
True
Is 71571437 a prime number?
False
Is 111193817 a prime number?
False
Is 400403 prime?
False
Is 7715041 a prime number?
False
Is 11579174 prime?
False
Is 107791553 composite?
True
Is 19964003 a composite number?
True
Is 4554937 prime?
True
Is 14252523 a composite number?
True
Is 193011649 prime?
False
Is 68264949 a composite number?
True
Is 13812395 a composite number?
True
Is 9830299 a composite number?
True
Is 39069609 a prime number?
False
Is 541181507 a composite number?
False
Is 22693 a composite number?
True
Is 44686039 composite?
True
Is 351551 prime?
True
Is 76170527 a composite number?
False
Is 296171587 a composite number?
True
Is 658260385 a prime number?
False
Is 95195879 a composite number?
False
Is 11100839 a composite number?
False
Is 7379387 composite?
False
Is 19124747 a composite number?
False
Is 13938247 a prime number?
True
Is 4222277 a prime number?
True
Is 540509 a prime number?
True
Is 5127071 a prime number?
True
Is 2628331 composite?
False
Is 5710771 prime?
False
Is 607813 a prime number?
True
Is 433412947 prime?
False
Is 6513613 a prime number?
True
Is 244547 a composite number?
False
Is 43275613 composite?
True
Is 9869011 a composite number?
True
Is 586424207 prime?
True
Is 15641719 prime?
False
Is 368249083 composite?
False
Is 9637799 a composite number?
False
Is 2293037 prime?
True
Is 376049 prime?
True
Is 37937849 a prime number?
True
Is 592712563 composite?
False
Is 2123419 a composite number?
True
Is 41944159 prime?
True
Is 43560371 prime?
True
Is 1819667 a composite number?
False
Is 61475797 a composite number?
False
Is 4541739 a composite number?
True
Is 36272447 a prime number?
False
Is 694609 a prime number?
True
Is 35015831 a composite number?
False
Is 9516931 a prime number?
True
Is 4369603 prime?
False
Is 6480835 prime?
False
Is 796447 a composite number?
False
Is 107380051 a prime number?
True
Is 3966931 a prime number?
False
Is 241356211 prime?
True
Is 157803641 a prime number?
False
Is 10136807 a composite number?
True
Is 918363 a prime number?
False
Is 78345473 a prime number?
True
Is 4199707 a prime number?
True
Is 9053999 composite?
True
Is 278513977 a composite number?
True
Is 209887 a composite number?
False
Is 3083078 a composite number?
True
Is 391740311 a composite number?
False
Is 1951427 a composite number?
True
Is 81162047 prime?
False
Is 2633665 a composite number?
True
Is 3195157 a prime number?
False
Is 118649501 composite?
True
Is 174964997 a prime number?
True
Is 1345316039 prime?
True
Is 68375341 composite?
False
Is 183109369 a composite number?
True
Is 3390528395 a composite number?
True
Is 30179813 prime?
False
Is 739099 a prime number?
True
Is 323377133 a composite number?
False
Is 510863 composite?
True
Is 20233679 a composite number?
True
Is 368395631 prime?
False
Is 269107511 a prime number?
True
Is 91964869 a composite number?
True
Is 48684953 composite?
False
Is 33057781 a composite number?
False
Is 852367 a prime number?
True
Is 20742637 prime?
True
Is 4210709 prime?
True
Is 418967 composite?
True
Is 14312933 composite?
False
Is 32745811 composite?
True
Is 410317 a composite number?
False
Is 39255493 prime?
True
Is 509215133 composite?
True
Is 2135663 a prime number?
True
Is 293334137 a prime number?
True
Is 21398383 a prime number?
False
Is 285479 prime?
False
Is 2103607 a prime number?
False
Is 1236787 a prime number?
True
Is 3922042 prime?
False
Is 159157 composite?
False
Is 99847961 prime?
True
Is 3875349 prime?
False
Is 50268599 a composite number?
False
Is 115092079 prime?
True
Is 9808027 composite?
True
Is 163601653 prime?
False
Is 16195183 a composite number?
False
Is 32277281 a composite number?
True
Is 5162197 prime?
False
Is 722636843 a prime number?
True
Is 12849218 a composite number?
True
Is 220750799 a prime number?
True
Is 17429993 composite?
True
Is 1864937 composite?
True
Is 84392489 a composite number?
True
Is 30251759 prime?
True
Is 224189291 a prime number?
True
Is 8813107 prime?
True
Is 26620333 composite?
True
Is 899080109 prime?
True
Is 26765329 a composite number?
False
Is 16797243 prime?
False
Is 394975709 a prime number?
True
Is 9603773 a prime number?
True
Is 310927 a composite number?
False
Is 24181579 prime?
False
Is 278277707 prime?
False
Is 1541269 prime?
False
Is 14992979 a prime number?
True
Is 240286601 a prime number?
True
Is 163903 prime?
False
Is 615611 prime?
False
Is 3276851 composite?
True
Is 10926163 prime?
True
Is 263091839 prime?
False
Is 148319287 a prime number?
True
Is 34631059 a prime number?
True
Is 15233399 a composite number?
False
Is 91945489 prime?
False
Is 91386773 a prime number?
False
Is 2143417 prime?
True
Is 404006077 a composite number?
False
Is 379567151 composite?
False
Is 1810591 a prime number?
False
Is 15899083 a composite number?
True
Is 86333993 prime?
True
Is 27971189 a composite number?
True
Is 21060461 prime?
False
Is 1419599 a prime number?
False
Is 33526653 composite?
True
Is 3135809 a composite number?
False
Is 78645461 composite?
True
Is 318671 a prime number?
True
Is 24385249 a composite number?
True
Is 22180859 a composite number?
False
Is 1021497245 composite?
True
Is 1662971 a composite number?
True
Is 529279 prime?
False
Is 18102883 prime?
True
Is 1079857 composite?
True
Is 109479047 prime?
True
Is 506273 composite?
True
Is 12080057 a prime number?
False
Is 97222207 a composite number?
True
Is 18414941 a prime number?
True
Is 3777853 composite?
False
Is 88099543 a composite number?
True
Is 16394461 prime?
False
Is 33872197 prime?
True
Is 161100457 a composite number?
True
Is 12675211 composite?
False
Is 195706739 a composite number?
False
Is 2000183 composite?
True
Is 975344057 composite?
False
Is 3060781 prime?
False
Is 16102571 composite?
False
Is 126765229 a composite number?
False
Is 26594101 composite?
True
Is 